t is the remainder when k is divided by 26?
25
Let a(x) = x**3 + 36*x**2 + 116*x + 45. Let u be a(-33). Let y = 996 + u. What is the remainder when y is divided by 7?
4
Suppose -33830 = -101*x + 12428. What is the remainder when x is divided by 40?
18
Suppose 0 = 2*x + 3*c + 186, 7*c = -4*x + 4*c - 378. Let z = -94 - x. What is the remainder when 82 is divided by 4/(-12)*-83 + z/6?
26
Let i = 293 - 113. Let o = i + -117. Calculate the remainder when o is divided by 8.
7
Let b(h) = 6*h - 6. Let w(p) = -p**3 + p**2 + 3. Let v be w(0). What is the remainder when (-6)/1*(-45)/6 is divided by b(v)?
9
Suppose 0 = -o + d + 228, -3*d - 915 = -4*o - 4. Suppose j - 4*w - 87 = 0, -o = 2*j - 5*j - 5*w. What is the remainder when 392 is divided by j?
76
Let r = -959 + 625. Let u = 342 + r. Calculate the remainder when 86 is divided by u.
6
Calculate the remainder when ((-2)/(-5 + 3))/((-1)/(-741)) is divided by (-11650)/(-220) + (-3)/(-66).
52
Let o = 117 + -80. Let n(h) be the second derivative of -61*h**3/2 + h**2/2 - 116*h. What is the remainder when n(-1) is divided by o?
36
Let v(h) = 2*h**2 + 59*h + 605. What is the remainder when v(-30) is divided by 58?
55
Suppose 13 = -3*h + 31. Suppose h*z = -z + 70. Suppose -r + 6 + z = 0. Calculate the remainder when 45 is divided by r.
13
Suppose -6*k = 18, -34 = -v - 18*k + 17*k. What is the remainder when 566 is divided by v?
11
Let o = 25 + -25. Suppose -29 - 75 = -4*z. Calculate the remainder when 125 - -4*4/8 - o is divided by z.
23
Suppose q + 20 = 3*q. Calculate the remainder when 43/387 + (-3640)/(-126) is divided by q.
9
Calculate the remainder when 33*567 - (-9 - 5*(-2)/10) is divided by 22.
19
Suppose h = 5*d + 20 + 20, 5*d - 220 = -3*h. What is the remainder when 99 is divided by h?
34
Calculate the remainder when 2662 is divided by -2 - 3*2 - (-977 - -527).
10
What is the remainder when 513 is divided by 252/45*(-2900)/(-58)?
233
Suppose -10*g - 624 = -14*g. Let z = 4329 + -4308. Calculate the remainder when g is divided by z.
9
Let j = 8970 + -8917. Calculate the remainder when 778 is divided by j.
36
What is the remainder when 594 + -122 + (2 - (-44)/(-4)*1) is divided by 48?
31
Suppose -73*q = -74*q + 2. Suppose 124 - 586 = -q*a. Calculate the remainder when a is divided by 58.
57
Let z = 30 - 19. Let y(f) = -f**2 - 3*f - 157. Let u be y(0). Let r = u + 221. What is the remainder when r is divided by z?
9
Let l be (-8 - -7)/(2/(-4)). Let n(z) = 49*z + 52 - z**l - 21 - 30*z. Calculate the remainder when n(18) is divided by 17.
15
Let w(k) = 105 + 0*k - k - 64 + 81. Calculate the remainder when w(-10) is divided by 19.
18
Let v be 14 - 1*-1*(-4 - -4). Suppose -v*u + 113 + 125 = 0. What is the remainder when u is divided by 8?
1
Suppose -3900 - 3725 = -125*l. What is the remainder when 489 is divided by l?
1
Suppose -5*u = k - 13, 2*u - 166 = -2*k - 92. Calculate the remainder when 978 is divided by k.
32
Let x = -22585 + 22617. Calculate the remainder when 63 is divided by x.
31
Suppose 2*w - 448 = g, -255*w + 3*g = -257*w + 416. Calculate the remainder when 796 is divided by w.
136
Suppose -5*k = -4*n - 170, -120 - 14 = -3*k - 4*n. Let c = k + 3. Suppose 98*z - 70*z - 2184 = 0. Calculate the remainder when z is divided by c.
37
Let c = -39 + 39. Let l be (-4 + 5 - c) + 4. Let f(r) = 7*r - 21. Calculate the remainder when 64 is divided by f(l).
8
Let y = -1271 - -2516. Calculate the remainder when y is divided by 43.
41
Let h(b) = 1334*b + 6861. What is the remainder when 337 is divided by h(-5)?
146
Suppose a + 14*s - 143 = 9*s, -5*a + 742 = -2*s. What is the remainder when a is divided by (-49)/(-3) - (-52)/78?
12
Suppose 49 = -3*w + 382. Calculate the remainder when w is divided by (-12)/(-39) + 5400/195.
27
Let u = 3626 + -3542. Calculate the remainder when 157 is divided by u.
73
Let q = -522 + 522. Suppose x + s - 25 + 6 = q, 2*x - 30 = -4*s. Calculate the remainder when 293 is divided by x.
17
Let v = -530 - -533. Suppose 19*z + v*k + 271 = 20*z, 0 = -3*k - 9. What is the remainder when z is divided by 27?
19
Suppose -20 = -4*o + 2*o. Suppose -z - 4*z = 15, -4*u + z = -323. Calculate the remainder when u/100 - (1008/(-15))/1 is divided by o.
8
Suppose 12*t - 242 = 598. Let j(v) = 3*v**2 - 2*v + 1. Let s be j(3). Suppose -2 = -u + s. What is the remainder when t is divided by u?
22
Suppose 0 = -j + 15*b - 18*b + 36, -240 = -5*j + 5*b. What is the remainder when 1392 is divided by j?
42
Let o = 69 - 130. Let f = o - -229. Let q = -133 + f. What is the remainder when q is divided by 9?
8
Let v(l) = l**3 - l**2 - 46*l + 153. Let p(h) = -h**2 - 2*h. Let z be p(-1). What is the remainder when 43 - (-3 - -1) - z is divided by v(4)?
10
Let m(r) = r**3 + 42*r**2 + 260*r + 78. Calculate the remainder when m(-34) is divided by 123.
117
Let t(l) = -178*l + 648. Calculate the remainder when 338 is divided by t(3).
110
Let h be 30/2*(7 + 18/10). Suppose -x + 12*x = h. Calculate the remainder when 407 is divided by x.
11
Suppose -3*f + 60 = 9*f. Suppose -2*p + 17 = -f*g, 3 = p - 5*g + 2. Calculate the remainder when 143 is divided by p.
15
Let y(f) = f**3 - 4*f**2 + 2*f - 2. Let m = -280 + 271. Let t(a) = a**2 + 7*a - 9. What is the remainder when t(m) is divided by y(4)?
3
Let s(b) = -6*b**3 - 2*b**2 + 3*b + 2. Let a = 168 + -168. Let v(y) = -y**2 - 15*y + 179. What is the remainder when v(a) is divided by s(-2)?
35
Suppose -v - 5*c = -164, 3*v + c - 2*c = 508. Suppose -g - v = -179. Calculate the remainder when 44 is divided by g.
4
What is the remainder when (-63)/(-14)*16/6 is divided by 8?
4
Suppose 2*j - 7*j - 809 = 3*l, 5*l - 5*j + 1375 = 0. Let v = l - -139. Let b = 249 + v. What is the remainder when b is divided by 29?
28
Let c = 190 - 103. Let v = c + -122. Let m = v - -48. What is the remainder when 49 is divided by m?
10
Let n = 57 - 55. Suppose -n = -l, 0 = -5*h + 4*h - 3*l + 24. Calculate the remainder when h is divided by 8.
2
Suppose 2*j - 14 = -v - 2*v, 0 = -4*v. Let u = j + 55. Calculate the remainder when 247 is divided by u.
61
Let n(r) = 6*r**2 - 11*r + 29. Let l be n(4). Suppose 3*f = 3*t - l, 0*t = -t - 3*f + 19. What is the remainder when 149 is divided by t?
24
Calculate the remainder when 309 is divided by (-712)/(-36) + 72/756*(-7)/(-3).
9
Let j be (-2)/(-4)*-13*2. What is the remainder when (-270)/(-4) - j/26 is divided by 28?
12
Suppose -92*u + 96*u - 16690 = -x, 4*u - x - 16702 = 0. Calculate the remainder when u is divided by 34.
26
Suppose 3*j - 5*j = -16. Suppose -l + 219 = -j. Let b = l - 116. Calculate the remainder when b is divided by 28.
27
Suppose -2*c - 4*a - 2 = 0, 3*a + 4 = -2*c - 2*a. Let j(x) = -x**2 - 38*x + 133. What is the remainder when 219 is divided by j(c)?
9
Let i(b) = -44 + 38*b - 6 + 10*b**2 - 57*b. Calculate the remainder when i(-3) is divided by 20.
17
Let s(y) = -5*y + 254. What is the remainder when 958 is divided by s(18)?
138
Let z = -1220 - -1226. What is the remainder when 40 is divided by z?
4
Let m(k) = k**3 - 16*k**2 + 15*k + 5. Let z be m(15). Suppose 2*p = -z*s + 44, 5*p + 4*s = 84 + 26. Calculate the remainder when 108 is divided by p.
20
Let l be ((-385)/154)/(2/(-56)). Suppose -l*k + 77*k = 49. Calculate the remainder when 35 is divided by k.
0
Let a(p) = 287*p + 53. What is the remainder when 226 is divided by a(0)?
14
Suppose -4*v + 567 = 4*g - 421, -4*g = -v + 227. Suppose -112 = 229*a - v*a. What is the remainder when 112 is divided by a?
0
Calculate the remainder when ((-393)/(-12))/((-28)/(-448)) is divided by 155.
59
Let z = 99 - 103. Let p be 2*((-1)/1)/(z/(-132)). Let f = p - -107. What is the remainder when f is divided by 9?
5
Let h = -323990 + 324019. Let n(c) be the first derivative of c**3/3 - 5*c**2/2 + 9*c + 1. Calculate the remainder when h is divided by n(6).
14
Suppose 0 = 3*p + 6, 3*r - 76 = -5*p + 280. What is the remainder when r is divided by 57?
8
Suppose -3*v + 388 = 4*v + 5*z, -54 = -v - z. Calculate the remainder when 941 is divided by v.
56
Suppose -4*a + 16*l - 20*l = -7160, 5*l = -4*a + 7154. Calculate the remainder when a is divided by 100.
96
Suppose -d + 35 = -60. Suppose 0 = 2*s - r - 48, -5*s + 199 - 79 = 5*r. What is the remainder when d is divided by s?
23
Let t(a) = a**3 - 31*a**2 - 142*a + 1